ue
Is 71155 a multiple of 95?
True
Is 71 a multiple of 2?
False
Is 132 a factor of 58212?
True
Does 19 divide 180?
False
Does 256 divide 41472?
True
Does 7 divide 495?
False
Does 92 divide 1196?
True
Is 12736 a multiple of 347?
False
Is 262 a factor of 15514?
False
Is 19 a factor of 44984?
False
Is 3008 a multiple of 16?
True
Is 132 a multiple of 44?
True
Does 26 divide 1649?
False
Does 60 divide 2483?
False
Does 20 divide 312?
False
Does 10 divide 1020?
True
Is 93 a multiple of 7?
False
Does 20 divide 8735?
False
Is 16 a factor of 192?
True
Is 22263 a multiple of 23?
False
Is 1300 a multiple of 14?
False
Does 15 divide 1101?
False
Is 24 a factor of 30997?
False
Does 25 divide 3725?
True
Does 92 divide 2300?
True
Is 8 a factor of 27023?
False
Is 32 a factor of 1216?
True
Is 17 a factor of 1079?
False
Does 13 divide 73698?
False
Does 16 divide 1355?
False
Is 3 a factor of 11705?
False
Does 86 divide 2924?
True
Is 49 a factor of 8624?
True
Is 1707 a multiple of 4?
False
Does 24 divide 3275?
False
Is 6 a factor of 914?
False
Is 64 a factor of 3316?
False
Is 85 a factor of 446?
False
Does 13 divide 353?
False
Is 3805 a multiple of 30?
False
Does 67 divide 418?
False
Is 344 a multiple of 82?
False
Is 4554 a multiple of 46?
True
Does 21 divide 967?
False
Is 47858 a multiple of 202?
False
Is 66 a factor of 1320?
True
Does 3 divide 516?
True
Is 13 a factor of 5902?
True
Does 25 divide 3591?
False
Does 25 divide 895?
False
Does 35 divide 23774?
False
Is 3635 a multiple of 26?
False
Is 1533 a multiple of 30?
False
Is 581 a multiple of 63?
False
Is 14 a factor of 3738?
True
Is 4 a factor of 8121?
False
Is 99145 a multiple of 79?
True
Does 5 divide 759?
False
Is 5 a factor of 17880?
True
Does 13 divide 299?
True
Does 13 divide 4614?
False
Does 24 divide 5496?
True
Is 12 a factor of 15552?
True
Is 11 a factor of 349?
False
Is 10 a factor of 240?
True
Does 23 divide 1003?
False
Is 19 a factor of 26049?
True
Does 2 divide 4037?
False
Is 77 a factor of 8855?
True
Is 57893 a multiple of 150?
False
Is 435 a multiple of 15?
True
Is 2615 a multiple of 5?
True
Is 56 a factor of 5639?
False
Is 49 a factor of 7546?
True
Is 30 a factor of 33360?
True
Does 16 divide 83497?
False
Is 53 a factor of 73140?
True
Is 256 even?
True
Is 12 a factor of 115908?
True
Is 16513 a multiple of 21?
False
Is 45 a factor of 254?
False
Does 48 divide 5900?
False
Is 17 a factor of 45951?
True
Is 30422 a multiple of 64?
False
Is 42 a factor of 2436?
True
Is 44 a factor of 1364?
True
Does 3 divide 136?
False
Is 30863 a multiple of 12?
False
Does 7 divide 586?
False
Does 22 divide 1343?
False
Is 7536 a multiple of 16?
True
Is 4 a factor of 1019?
False
Does 338 divide 56784?
True
Does 44 divide 352?
True
Does 49 divide 2156?
True
Is 918 a multiple of 55?
False
Does 43 divide 314?
False
Is 4832 a multiple of 23?
False
Is 7 a factor of 565?
False
Is 15 a factor of 1110?
True
Does 16 divide 66?
False
Is 254 a factor of 8890?
True
Is 111 a multiple of 20?
False
Does 9 divide 12369?
False
Is 97 a factor of 291?
True
Does 69 divide 811?
False
Does 14 divide 11872?
True
Does 26 divide 52?
True
Is 13 a factor of 380?
False
Is 12 a factor of 39808?
False
Does 26 divide 326?
False
Is 31 a factor of 29281?
False
Does 2 divide 31?
False
Is 38 a factor of 341?
False
Does 183 divide 15189?
True
Does 8 divide 9807?
False
Does 85 divide 29240?
True
Is 31 a factor of 178064?
True
Is 96 a factor of 39360?
True
Does 10 divide 200?
True
Is 3045 a multiple of 29?
True
Is 1763 a multiple of 30?
False
Is 128 a factor of 29952?
True
Is 8360 a multiple of 113?
False
Is 1125 a multiple of 24?
False
Is 26 a factor of 520?
True
Is 804 a multiple of 67?
True
Is 8 a factor of 8752?
True
Is 65 a factor of 39421?
False
Is 7606 a multiple of 135?
False
Is 20 a factor of 540?
True
Is 2484 a multiple of 6?
True
Is 10322 a multiple of 19?
False
Does 13 divide 338?
True
Is 1763 a multiple of 42?
False
Does 7 divide 204?
False
Does 6 divide 361?
False
Is 48510 a multiple of 198?
True
Is 5057 a multiple of 18?
False
Is 63280 a multiple of 35?
True
Is 52 a factor of 1264?
False
Is 52 a factor of 321?
False
Is 4 a factor of 248?
True
Is 1696 a multiple of 212?
True
Is 15 a factor of 8190?
True
Is 3015 a multiple of 5?
True
Is 31 a factor of 16244?
True
Is 4574 a multiple of 13?
False
Does 64 divide 6515?
False
Is 137 a multiple of 4?
False
Is 89 a multiple of 19?
False
Does 13 divide 7196?
False
Is 3051 a multiple of 6?
False
Is 105 even?
False
Is 20000 a multiple of 8?
True
Is 18 a factor of 7902?
True
Is 14 a factor of 1464?
False
Is 58 a factor of 6844?
True
Is 13 a factor of 3484?
True
Does 85 divide 68045?
False
Does 23 divide 1524?
False
Is 224 a multiple of 2?
True
Is 42 a factor of 23478?
True
Does 84 divide 92652?
True
Is 5425 a multiple of 25?
True
Does 22 divide 114?
False
Is 11207 a multiple of 78?
False
Is 113 a factor of 91557?
False
Does 20 divide 960?
True
Is 3094 a multiple of 34?
True
Does 21 divide 121?
False
Does 53 divide 2419?
False
Is 12 a factor of 28?
False
Is 98 a factor of 18326?
True
Is 532 a multiple of 76?
True
Is 28 a factor of 3248?
True
Does 117 divide 27963?
True
Does 14 divide 1135?
False
Does 36 divide 40392?
True
Does 27 divide 3945?
False
Is 3 a factor of 39?
True
Is 94 a multiple of 2?
True
Is 31 a factor of 390?
False
Is 1520 a multiple of 40?
True
Is 2666 a multiple of 86?
True
Does 40 divide 76015?
False
Does 8 divide 1848?
True
Does 4 divide 6857?
False
Is 1131 a multiple of 23?
False
Does 86 divide 8265?
False
Does 100 divide 2500?
True
Is 6 a factor of 3088?
False
Is 55 a factor of 258?
False
Does 38 divide 1634?
True
Is 22 a factor of 160858?
False
Is 5001 a multiple of 33?
False
Does 70 divide 21140?
True
Does 26 divide 4784?
True
Is 7604 a multiple of 167?
False
Does 4 divide 632?
True
Does 9 divide 297?
True
Is 40 a factor of 360?
True
Is 49174 a multiple of 24?
False
Is 20895 a multiple of 210?
False
Is 8 a factor of 332?
False
Is 2708 a multiple of 9?
False
Is 571 a multiple of 5?
False
Is 6016 a multiple of 188?
True
Does 92 divide 92?
True
Does 22 divide 3498?
True
Does 2 divide 10?
True
Does 64 divide 2496?
True
Is 18 a factor of 17280?
True
Is 230 a multiple of 23?
True
Is 1100 a multiple of 20?
True
Does 52 divide 402?
False
Is 400 a multiple of 8?
True
Is 1119 a multiple of 27?
False
Does 143 divide 2965?
False
Is 18 a factor of 13345?
False
Is 1557 a multiple of 20?
False
Is 116 a factor of 3044?
False
Is 444 a multiple of 99?
False
Is 28 a factor of 560?
True
Is 8854 a multiple of 38?
True
Does 202 divide 21270?
False
Is 11865 a multiple of 183?
False
Does 9 divide 16659?
True
Is 34 a factor of 3094?
True
Is 64026 a multiple of 18?
True
Does 63 divide 4364?
False
Is 10 a factor of 2848?
False
Is 7 a factor of 434?
True
Does 35 divide 578?
False
Does 9 divide 54?
True
Does 42 divide 13754?
False
Does 37 divide 17960?
False
Is 13 a factor of 5672?
False
Is 14 a factor of 2898?
True
Is 4320 a multiple of 108?
True
Does 55 divide 643?
False
Is 58 a factor of 22040?
True
Does 2 divide 706?
True
Does 69 divide 631?
False
Does 17 divide 952?
True
Is 3885 a multiple of 35?
True
Does 45 divide 93?
False
Does 27 divide 1836?
True
Is 32490 a multiple of 171?
True
Does 30 divide 3057?
False
Does 9 divide 14648?
False
Is 1034 a multiple of 23?
False
Does 11 divide 2521?
False
Does 25 divide 14805?
False
Is 1620 a multiple of 30?
True
Is 160 a factor of 11219?
False
Is 76 a factor of 2432?
True
Does 58 divide 1416?
False
Does 98 divide 15190?
True
Does 15 divide 90?
True
Is 343 a multiple of 15?
False
Is 3 a factor of 1445?
False
Does 73 divide 949?
True
Is 1817 a multiple of 229?
False
Is 16 a factor of 80?
True
Does 29 divide 6553?
False
Is 76 a factor of 5888?
False
Does 137 divide 7398?
True
Is 40440 a multiple of 60?
True
Does 28 divide 2856?
True
Is 989 a multiple of 30?
False
Does 29 divide 1560?
False
Is 252 a multiple of 14?
True
Does 21 divide 906?
False
Does 52 divide 35484?
False
Does 7 divide 31940?
False
Does 75 divide 66525?
True
Does 34 divide 7276?
True
Does 8 divide 556?
False
Is 166 a factor of 40638?
False
Is 34 a factor of 1387?
False
Is 100 a factor of 26300?
True
Is 33 a factor of 1914?
True
Does 8 divide 22168?
True
Is 31356 a multiple of 67?
True
Is 24 a fac